-10) + 0)*z.
3, 293
Let g = 2036 - 2303. Let a be ((-950)/(-6) - -1)*3. Let y = a + g. List the prime factors of y.
211
Suppose 2*l - 10460 = 2*v, -l - 207*v + 5246 = -212*v. List the prime factors of l.
2, 3, 13, 67
Let j = 417 - 945. Let g = 87 - j. List the prime factors of g.
3, 5, 41
Let t = 33 + 2. Let i = t - 33. Suppose -i*w + 99 = -43. What are the prime factors of w?
71
List the prime factors of (15/(-2))/5 + 194064/32.
3, 43, 47
Let l be 1/6 + 33*(-8)/(-144). Suppose 3*y = -d + y + 618, -606 = -d + l*y. List the prime factors of d.
2, 3, 17
Let g(c) be the second derivative of c**5/20 - c**4/4 + c**3/2 + c**2 + 14*c. Let o be g(3). Suppose o*j - 159 = -16. List the prime factors of j.
13
Let m(f) = 2*f**2 + 11*f - 17. Let i be m(-7). Suppose -4*q + 1316 = 5*w - 15, i*q - 279 = -w. What are the prime factors of w?
263
List the prime factors of (-123 + 24467)*(2/(-2))/(-2).
2, 17, 179
Let p(w) = 410*w + 877. What are the prime factors of p(18)?
23, 359
Suppose 9*a - 2*a = 1379. Let h = 99 - a. Let j = -39 - h. What are the prime factors of j?
59
Suppose 20 = 2*p + 18, 3*f - 5*p = 1666. What are the prime factors of (f - 6) + 0 + 5?
2, 139
Let t(g) = 32*g**2 - 38*g + 48. What are the prime factors of t(20)?
2, 1511
Suppose -4*q - 3 = -11. Let g be q/17 - 45/(-51). What are the prime factors of (-222)/(-18) - g/3?
2, 3
Let m(o) = o**3 + 10*o**2 + 10*o + 10. Let d = -87 - -78. Let q be m(d). Suppose -2*r - q = -5. List the prime factors of r.
2
Suppose 436*s - 135*s + 84*s = 8351420. List the prime factors of s.
2, 11, 17, 29
Suppose 14705 = -19*u + 36*u. Suppose 0 = 12*c - 11*c - u. What are the prime factors of c?
5, 173
Suppose 0 = 5*m - 7 + 7. Suppose m = 171*h - 169*h - 54. List the prime factors of h.
3
Suppose -3*j + 2*m + 28467 = -1312, 3*j = 3*m + 29772. What are the prime factors of j?
9931
Suppose 0 = -3099*z + 3107*z - 154128. List the prime factors of z.
2, 3, 13, 19
Suppose 559608 = 129*l - 241224. List the prime factors of l.
2, 97
Let r = 419 - 418. Let p(z) = -13*z + 19. List the prime factors of p(r).
2, 3
Let d(v) be the first derivative of -1/4*v**4 + v - 7/2*v**2 - 2*v**3 + 4. What are the prime factors of d(-6)?
43
Let n(u) = -u**2 - u + 27. Let d be n(7). Let s(i) = i**2 + 30*i + 37. Let l be s(d). Let x(q) = -q**3 + 10*q**2 - 5*q + 6. List the prime factors of x(l).
2, 47
Let m = 10300 - -38280. List the prime factors of m.
2, 5, 7, 347
Let o = 569 + -1148. Let f = o + 1045. List the prime factors of f.
2, 233
Let q(u) = 5 + 3 + 2 - 10*u - 9*u**2 + 19*u**2 + u**3. List the prime factors of q(-9).
181
Let d = 24 + -17. Suppose 0 = 2*i + 3*k + 12, -13 = -2*i + d*i - k. List the prime factors of (-4 - -1)*((-100)/i)/(-5).
2, 5
Let a be 60/(-90) - (-40)/6. List the prime factors of a + (-7510)/(-15) + (-3)/(-9).
3, 13
Suppose -4*n + 218 = 58. Suppose -n*m + 38*m + 760 = 0. List the prime factors of m.
2, 5, 19
Let a(n) = 700*n**3 - 2*n**2 - 2*n + 3. Let k be a(1). Suppose 297 = 2*u - 4*y - k, 4*u - 5*y = 2007. What are the prime factors of u?
2, 127
Suppose 19077 = 5*s - c, 4*s = 7*s + 4*c - 11437. Suppose 0 = 4*q + x - 6679, -3*q - 2*x + s = -1193. What are the prime factors of q?
2, 5, 167
Let t(w) = w**3 - 4*w**2 + 3*w + 1. Let v(o) = o**2 - 9*o + 2. Let a be v(9). Let q be t(a). List the prime factors of (-3)/((-18)/492)*(q - -2).
2, 41
Let r = -5 + 17. Suppose -8*b + 5*b = -r. Suppose 2*q - 3*c = 150, b*q + 5*c - 244 = q. What are the prime factors of q?
2, 3, 13
Let b be 6*(-1)/(-2) - -768. Suppose -b = -3*l + 3*c, -2*c - 64 = 5*l - 1370. What are the prime factors of l?
2, 5, 13
Let h be (1 - 2)*(0 + -5). Let t = -35 + h. Let z = t - -88. What are the prime factors of z?
2, 29
Let d(j) = j**3 - 14*j**2 - j + 17. Let o be d(16). Let l = o - 345. List the prime factors of l.
2, 3, 7
Let c(x) = -x**3 - 25*x**2 + 38*x + 14. Let r be c(-26). Let v = -266 - -738. Let t = r + v. List the prime factors of t.
2, 3, 29
Let y = -192 - -105. Let a = -75 - y. Suppose -a*i + 2*i = -2090. What are the prime factors of i?
11, 19
Suppose 12 = 5*n - 18. Let s = 1540 + -1544. What are the prime factors of -14*(21*s/n - -3)?
2, 7, 11
Suppose 4*n + 45 = 113. Suppose -39442 = n*w - 58*w. List the prime factors of w.
2, 13, 37
Let w(o) = 14761*o**2 - 10*o + 1. What are the prime factors of w(1)?
2, 461
Let z(d) = -6*d**3 - d**2 - 8*d - 28. Let l be z(-11). Suppose 0*a - l = -25*a. List the prime factors of a.
317
Let b be ((-1)/(-3))/(6/18). List the prime factors of (2 - 4/b)*-116.
2, 29
Let m(s) = 263*s - 6. Let l be -15*(-3)/9 - (-6 + 10). What are the prime factors of m(l)?
257
Suppose -t = -4*i + 790 - 14, -2*t = 5*i - 970. Let a = i - 107. Suppose -333 = -5*y + a. List the prime factors of y.
2, 3, 7
Suppose -6*c = -4*c + 3*c. Let n(m) = -10 + c - 1 + 185*m - 173*m. List the prime factors of n(10).
109
Let s(n) = -133*n**3 + 7*n**2 + 102*n + 471. List the prime factors of s(-5).
3, 37, 151
Suppose -11*z + 55 = -10*z. Let m = z - 51. What are the prime factors of -270*(10/m - 3)?
3, 5
Let h(v) = 6*v - 13. Let f be h(3). Suppose 0 = -c - f*c + 1584. What are the prime factors of c?
2, 3, 11
Let b be 3*(-4)/(-6) - -36. Suppose -r + b = r. Let h = r - 4. List the prime factors of h.
3, 5
Let s(b) = -378*b - 12 + 1 + 507*b - 2. List the prime factors of s(6).
761
Suppose -21 = -2*j - 13. Suppose 4177 = j*f - 3803. Suppose -f = -12*d + 45. List the prime factors of d.
2, 5, 17
Suppose -3*u - 3*t = -293387 + 81458, -2*t = -4*u + 282536. What are the prime factors of u?
7, 10091
Suppose -47 = -9*v + 61. Suppose 0 = 4*j - 16, 4*j - j + v = -4*c. Let l(u) = -13*u - 53. List the prime factors of l(c).
5
Let r = 117783 - 63080. Suppose -4694 = -39*m + r. What are the prime factors of m?
1523
Let r(b) = b**3 - 6*b**2 + 9*b - 3. Let u be r(4). Let i be (30/(-35))/u*-273. List the prime factors of i - 9 - (3 - 1).
223
Let w = -108 - -153. Let t = w + 27. Suppose c + 623 = 4*m, 0 = 2*m - c - t - 237. List the prime factors of m.
157
Let t(w) = -298*w + 428*w - 94 - 81. List the prime factors of t(9).
5, 199
Let n be ((-50)/(-6))/((0 - -1)/3). Let h = n + -22. What are the prime factors of (h + -74)*(-9 - -7)?
2, 71
What are the prime factors of (-126)/(-84) + 4835/2 + -6?
19, 127
Let i(t) = 119*t + 5. Let v be i(-2). Let o = -147 - v. List the prime factors of o.
2, 43
Suppose 5*t + 2257 = r, 0*t - 3*t = -2*r + 1357. Let i = t - -1461. List the prime factors of i.
2, 5, 101
Suppose -5*z = 5*g + 25, 5*g + 3*z - 2*z + 9 = 0. Let h be (-3*2/9)/(g/(-3)). What are the prime factors of (310/(-20))/(h/8)?
2, 31
Suppose -3*m + 66314 = 4*z, -17*z - 66318 = -21*z - m. List the prime factors of z.
2, 5, 829
Suppose -2740 = -v + 4*u, 2*v + 5*u + 750 = 6178. List the prime factors of v.
2, 3, 227
Suppose -4*l = -7*l + 3, 10 = q + 3*l. Suppose 2*r + q*r - 1818 = 0. Let n = r - 102. What are the prime factors of n?
2, 5
Suppose 0 = z + 5*i - 3931, 39 = 5*i + 14. What are the prime factors of z?
2, 3, 7, 31
Let h(k) = 56*k**2 + 13*k + 2. Let i be h(-9). Suppose 0 = 7*o - 1711 - i. List the prime factors of o.
2, 3, 73
Let z(c) = -c**3 + 17*c**2 + 100*c - 41. Let q be z(21). What are the prime factors of 17/(2 - (585/q)/1)?
17, 59
Suppose 0 = -t - 4*z + 1378, -2*z + 34 = -t + 1388. Suppose -7*y + y = -t. What are the prime factors of y?
227
What are the prime factors of ((-1037184)/(-1022))/(2/28)?
2, 3, 37
Suppose -p + 0*s = 2*s + 41, -4*p - 212 = -4*s. Let q = -64 - p. What are the prime factors of (-2 - 4)/((q/9)/5)?
2, 3
Suppose 2*j + 55 = -9. Let o = -538 - -425. Let l = j - o. What are the prime factors of l?
3
Suppose 0 = 9*f - 0*f - 97089 - 34509. List the prime factors of f.
2, 3, 2437
Let b be (-4)/14 + 6648/(-56). List the prime factors of (-135)/(14/b + (-15)/17).
3, 5
Let y be -1 - 1 - (5 - (-9 - -41)). Suppose 0 = -5*v - y, -21 = -7*g + 9*g + 5*v. What are the prime factors of g?
2
Suppose 4*x - 340*k - 305787 = -345*k, 0 = 2*x - 5*k - 152871. What are the prime factors of x?
3, 83, 307
Suppose -3*m - 5*k + 32 - 13 = 0, 3*m = -2*k + 22. Suppose m*r = -14*r + 26378. List the prime factors of r.
11, 109
Let y(a) be the second derivative of -85*a**3/6 - 5*a**2/2 + 149*a. What are the prime factors of y(-3)?
2, 5
List the prime factors of ((-2)/